{"id":19,"date":"2025-10-06T21:33:18","date_gmt":"2025-10-06T19:33:18","guid":{"rendered":"https:\/\/bredum.dk\/?page_id=19"},"modified":"2025-10-11T03:23:07","modified_gmt":"2025-10-11T01:23:07","slug":"sommerhus-2","status":"publish","type":"page","link":"https:\/\/bredum.dk\/?page_id=19","title":{"rendered":"Sommerhus"},"content":{"rendered":"\n<div class=\"wp-block-group is-nowrap is-layout-flex wp-container-core-group-is-layout-ad2f72ca wp-block-group-is-layout-flex\">\n<p class=\"wp-container-content-9cfa9a5a\">Forestil dig at st\u00e5 op til lyden af b\u00f8lger, fuglesang og duften af havluft \u2013 s\u00e5dan starter en dag p\u00e5 Sejer\u00f8. \u00d8en er en lille perle i Kattegat, kun en kort f\u00e6rgetur fra Sj\u00e6lland, men f\u00f8lelsen er som at v\u00e6re langt v\u00e6k fra hverdagens stress. Her finder du fred, n\u00e6rv\u00e6r og tid \u2013 b\u00e5de til dig selv og til dem, du holder ferie med.<\/p>\n\n\n\n<figure class=\"wp-block-image size-large wp-container-content-9cfa9a5a\"><img loading=\"lazy\" decoding=\"async\" width=\"1024\" height=\"768\" src=\"https:\/\/bredum.dk\/wp-content\/uploads\/2025\/10\/2024-08-09-14.53.58-1024x768.jpg\" alt=\"\" class=\"wp-image-125\" style=\"aspect-ratio:3\/4;object-fit:cover\" srcset=\"https:\/\/bredum.dk\/wp-content\/uploads\/2025\/10\/2024-08-09-14.53.58-1024x768.jpg 1024w, https:\/\/bredum.dk\/wp-content\/uploads\/2025\/10\/2024-08-09-14.53.58-300x225.jpg 300w, https:\/\/bredum.dk\/wp-content\/uploads\/2025\/10\/2024-08-09-14.53.58-768x576.jpg 768w, https:\/\/bredum.dk\/wp-content\/uploads\/2025\/10\/2024-08-09-14.53.58-1536x1152.jpg 1536w, https:\/\/bredum.dk\/wp-content\/uploads\/2025\/10\/2024-08-09-14.53.58-2048x1536.jpg 2048w, https:\/\/bredum.dk\/wp-content\/uploads\/2025\/10\/2024-08-09-14.53.58-1568x1176.jpg 1568w\" sizes=\"auto, (max-width: 1024px) 100vw, 1024px\" \/><\/figure>\n<\/div>\n\n\n\n<div class=\"wp-block-group is-nowrap is-layout-flex wp-container-core-group-is-layout-ad2f72ca wp-block-group-is-layout-flex\">\n<figure class=\"wp-block-image size-full\"><img loading=\"lazy\" decoding=\"async\" width=\"1536\" height=\"2048\" src=\"https:\/\/bredum.dk\/wp-content\/uploads\/2025\/10\/2025-10-11-02.39.23.jpg\" alt=\"\" class=\"wp-image-202\" style=\"aspect-ratio:9\/16;object-fit:cover\" srcset=\"https:\/\/bredum.dk\/wp-content\/uploads\/2025\/10\/2025-10-11-02.39.23.jpg 1536w, https:\/\/bredum.dk\/wp-content\/uploads\/2025\/10\/2025-10-11-02.39.23-225x300.jpg 225w, https:\/\/bredum.dk\/wp-content\/uploads\/2025\/10\/2025-10-11-02.39.23-768x1024.jpg 768w, https:\/\/bredum.dk\/wp-content\/uploads\/2025\/10\/2025-10-11-02.39.23-1152x1536.jpg 1152w\" sizes=\"auto, (max-width: 1536px) 100vw, 1536px\" \/><\/figure>\n\n\n\n<p class=\"has-black-color has-text-color has-link-color wp-elements-3cee71e0b9febfc19c52046412071e80\" style=\"padding-top:0;padding-right:0;padding-bottom:0;padding-left:0\">Sejer\u00f8 byder p\u00e5 vidunderlig natur med bl\u00f8de bakker, vilde blomster, sm\u00e5 skovomr\u00e5der og nogle af Danmarks mest solrige dage. Du kan cykle eller vandre rundt p\u00e5 de rolige veje, tage en dukkert fra de b\u00f8rnevenlige strande, eller nyde udsigten fra Sejer\u00f8s fyr. \u00d8en gemmer ogs\u00e5 p\u00e5 en sp\u00e6ndende historie \u2013 fra oldtidsminder til charmerende g\u00e5rde og et lokalsamfund, der stadig holder fast i de gamle traditioner. <\/p>\n<\/div>\n\n\n\n<div class=\"wp-block-group is-nowrap is-layout-flex wp-container-core-group-is-layout-ad2f72ca wp-block-group-is-layout-flex\">\n<p class=\"has-black-color has-text-color has-link-color wp-elements-939e5c5aa48b2c12cb4a30aa998b6c05\" style=\"padding-top:0;padding-right:0;padding-bottom:0;padding-left:0\">Her handler ferien ikke om at n\u00e5 noget \u2013 men om at v\u00e6re til. Du kan nyde friskfanget fisk, lokale r\u00e5varer og hyggelige markeder, eller blot sidde med en is i h\u00e5nden og se solen g\u00e5 ned over havet. <\/p>\n\n\n\n<figure class=\"wp-block-image size-full\"><img loading=\"lazy\" decoding=\"async\" width=\"960\" height=\"720\" src=\"https:\/\/bredum.dk\/wp-content\/uploads\/2025\/10\/sommerhus_udsigt-1.jpg\" alt=\"\" class=\"wp-image-129\" srcset=\"https:\/\/bredum.dk\/wp-content\/uploads\/2025\/10\/sommerhus_udsigt-1.jpg 960w, https:\/\/bredum.dk\/wp-content\/uploads\/2025\/10\/sommerhus_udsigt-1-300x225.jpg 300w, https:\/\/bredum.dk\/wp-content\/uploads\/2025\/10\/sommerhus_udsigt-1-768x576.jpg 768w\" sizes=\"auto, (max-width: 960px) 100vw, 960px\" \/><\/figure>\n<\/div>\n\n\n\n<p>Sejer\u00f8 er stedet, hvor du genfinder roen, naturen og f\u00e6llesskabet. En ferie her er ikke bare en pause \u2013 det er en oplevelse, du tager med dig hjem.<\/p>\n\n\n\n<div class=\"wp-block-group is-nowrap is-layout-flex wp-container-core-group-is-layout-ad2f72ca wp-block-group-is-layout-flex\">\n<h2 class=\"wp-block-heading\"><strong>Oplev \u00f8-livet<\/strong> <\/h2>\n<\/div>\n\n\n\n<div class=\"wp-block-group is-nowrap is-layout-flex wp-container-core-group-is-layout-ad2f72ca wp-block-group-is-layout-flex\">\n<p class=\"wp-container-content-9cfa9a5a\"><strong>\u2013 lej et sommerhus p\u00e5 Sejer\u00f8<\/strong><\/p>\n<\/div>\n\n\n\n<div class=\"wp-block-group is-horizontal is-nowrap is-layout-flex wp-container-core-group-is-layout-41b81202 wp-block-group-is-layout-flex\">\n<figure class=\"wp-block-image size-full\"><img loading=\"lazy\" decoding=\"async\" width=\"715\" height=\"513\" src=\"https:\/\/bredum.dk\/wp-content\/uploads\/2025\/10\/sommerhus-1.jpg\" alt=\"\" class=\"wp-image-140\" style=\"aspect-ratio:1;object-fit:cover\" srcset=\"https:\/\/bredum.dk\/wp-content\/uploads\/2025\/10\/sommerhus-1.jpg 715w, https:\/\/bredum.dk\/wp-content\/uploads\/2025\/10\/sommerhus-1-300x215.jpg 300w\" sizes=\"auto, (max-width: 715px) 100vw, 715px\" \/><\/figure>\n\n\n\n<p>Dr\u00f8mmer du om ro, natur og \u00e6gte dansk \u00f8-stemning? P\u00e5 Sejer\u00f8 f\u00e5r du det hele. Her kan du leje dit eget sommerhus og nyde ferien i dit eget tempo \u2013 med havet, naturen og freden lige udenfor d\u00f8ren.<\/p>\n<\/div>\n\n\n\n<div class=\"wp-block-group\"><div class=\"wp-block-group__inner-container is-layout-constrained wp-block-group-is-layout-constrained\">\n<div class=\"wp-block-group is-nowrap is-layout-flex wp-container-core-group-is-layout-ad2f72ca wp-block-group-is-layout-flex\">\n<p>Start dagen med en dukkert, nyd solnedgangen fra terrassen, og lad \u00f8ens ro s\u00e6nke sig. Uanset om du rejser som familie, par eller venner, finder du plads til n\u00e6rv\u00e6r, hygge og oplevelser.<\/p>\n\n\n\n<figure class=\"wp-block-image size-full\"><img loading=\"lazy\" decoding=\"async\" width=\"768\" height=\"1024\" src=\"https:\/\/bredum.dk\/wp-content\/uploads\/2025\/10\/2025-09-11-11.30.07-rotated.jpg\" alt=\"\" class=\"wp-image-130\" style=\"aspect-ratio:1;object-fit:cover\" srcset=\"https:\/\/bredum.dk\/wp-content\/uploads\/2025\/10\/2025-09-11-11.30.07-rotated.jpg 768w, https:\/\/bredum.dk\/wp-content\/uploads\/2025\/10\/2025-09-11-11.30.07-225x300.jpg 225w\" sizes=\"auto, (max-width: 768px) 100vw, 768px\" \/><\/figure>\n<\/div>\n<\/div><\/div>\n\n\n\n<p class=\"has-text-align-left\">Sejer\u00f8 byder p\u00e5 smukke strande, cykelruter, lokale g\u00e5rdbutikker og venlige \u00f8boere \u2013 alt sammen kun en kort f\u00e6rgetur fra Sj\u00e6lland.<\/p>\n\n\n\n<p class=\"has-black-color has-text-color has-link-color wp-elements-b89b40a437d51e5dbf39585c79bb1b5c\"><strong>Sejer\u00f8 \u2013 her finder du roen, naturen og tiden til at nyde den.<\/strong><\/p>\n\n\n<div class=\"wp-block-image\">\n<figure class=\"aligncenter size-medium\"><img loading=\"lazy\" decoding=\"async\" width=\"225\" height=\"300\" src=\"https:\/\/bredum.dk\/wp-content\/uploads\/2025\/10\/2025-09-12-13.31.31-225x300.jpg\" alt=\"\" class=\"wp-image-177\" srcset=\"https:\/\/bredum.dk\/wp-content\/uploads\/2025\/10\/2025-09-12-13.31.31-225x300.jpg 225w, https:\/\/bredum.dk\/wp-content\/uploads\/2025\/10\/2025-09-12-13.31.31-768x1024.jpg 768w, https:\/\/bredum.dk\/wp-content\/uploads\/2025\/10\/2025-09-12-13.31.31-1152x1536.jpg 1152w, https:\/\/bredum.dk\/wp-content\/uploads\/2025\/10\/2025-09-12-13.31.31-1536x2048.jpg 1536w, https:\/\/bredum.dk\/wp-content\/uploads\/2025\/10\/2025-09-12-13.31.31-1568x2091.jpg 1568w, https:\/\/bredum.dk\/wp-content\/uploads\/2025\/10\/2025-09-12-13.31.31-scaled.jpg 1920w\" sizes=\"auto, (max-width: 225px) 100vw, 225px\" \/><\/figure>\n<\/div>","protected":false},"excerpt":{"rendered":"<p>Forestil dig at st\u00e5 op til lyden af b\u00f8lger, fuglesang og duften af havluft \u2013 s\u00e5dan starter en dag p\u00e5 Sejer\u00f8. \u00d8en er en lille perle i Kattegat, kun en kort f\u00e6rgetur fra Sj\u00e6lland, men f\u00f8lelsen er som at v\u00e6re langt v\u00e6k fra hverdagens stress. Her finder du fred, n\u00e6rv\u00e6r og tid \u2013 b\u00e5de til&hellip; <a class=\"more-link\" href=\"https:\/\/bredum.dk\/?page_id=19\">L\u00e6s mere <span class=\"screen-reader-text\">Sommerhus<\/span><\/a><\/p>\n","protected":false},"author":1,"featured_media":0,"parent":0,"menu_order":0,"comment_status":"closed","ping_status":"closed","template":"","meta":{"footnotes":""},"class_list":["post-19","page","type-page","status-publish","hentry","entry"],"_links":{"self":[{"href":"https:\/\/bredum.dk\/index.php?rest_route=\/wp\/v2\/pages\/19","targetHints":{"allow":["GET"]}}],"collection":[{"href":"https:\/\/bredum.dk\/index.php?rest_route=\/wp\/v2\/pages"}],"about":[{"href":"https:\/\/bredum.dk\/index.php?rest_route=\/wp\/v2\/types\/page"}],"author":[{"embeddable":true,"href":"https:\/\/bredum.dk\/index.php?rest_route=\/wp\/v2\/users\/1"}],"replies":[{"embeddable":true,"href":"https:\/\/bredum.dk\/index.php?rest_route=%2Fwp%2Fv2%2Fcomments&post=19"}],"version-history":[{"count":89,"href":"https:\/\/bredum.dk\/index.php?rest_route=\/wp\/v2\/pages\/19\/revisions"}],"predecessor-version":[{"id":223,"href":"https:\/\/bredum.dk\/index.php?rest_route=\/wp\/v2\/pages\/19\/revisions\/223"}],"wp:attachment":[{"href":"https:\/\/bredum.dk\/index.php?rest_route=%2Fwp%2Fv2%2Fmedia&parent=19"}],"curies":[{"name":"wp","href":"https:\/\/api.w.org\/{rel}","templated":true}]}}

<div class="wp-block-group is-nowrap is-layout-flex wp-container-core-group-is-layout-ad2f72ca wp-block-group-is-layout-flex">
<p class="wp-container-content-9cfa9a5a">Forestil dig at stå op til lyden af bølger, fuglesang og duften af havluft – sådan starter en dag på Sejerø. Øen er en lille perle i Kattegat, kun en kort færgetur fra Sjælland, men følelsen er som at være langt væk fra hverdagens stress. Her finder du fred, nærvær og tid – både til dig selv og til dem, du holder ferie med.</p>



<figure class="wp-block-image size-large wp-container-content-9cfa9a5a"><img loading="lazy" decoding="async" width="1024" height="768" src="https://bredum.dk/wp-content/uploads/2025/10/2024-08-09-14.53.58-1024x768.jpg" alt="" class="wp-image-125" style="aspect-ratio:3/4;object-fit:cover" srcset="https://bredum.dk/wp-content/uploads/2025/10/2024-08-09-14.53.58-1024x768.jpg 1024w, https://bredum.dk/wp-content/uploads/2025/10/2024-08-09-14.53.58-300x225.jpg 300w, https://bredum.dk/wp-content/uploads/2025/10/2024-08-09-14.53.58-768x576.jpg 768w, https://bredum.dk/wp-content/uploads/2025/10/2024-08-09-14.53.58-1536x1152.jpg 1536w, https://bredum.dk/wp-content/uploads/2025/10/2024-08-09-14.53.58-2048x1536.jpg 2048w, https://bredum.dk/wp-content/uploads/2025/10/2024-08-09-14.53.58-1568x1176.jpg 1568w" sizes="auto, (max-width: 1024px) 100vw, 1024px" /></figure>
</div>



<div class="wp-block-group is-nowrap is-layout-flex wp-container-core-group-is-layout-ad2f72ca wp-block-group-is-layout-flex">
<figure class="wp-block-image size-full"><img loading="lazy" decoding="async" width="1536" height="2048" src="https://bredum.dk/wp-content/uploads/2025/10/2025-10-11-02.39.23.jpg" alt="" class="wp-image-202" style="aspect-ratio:9/16;object-fit:cover" srcset="https://bredum.dk/wp-content/uploads/2025/10/2025-10-11-02.39.23.jpg 1536w, https://bredum.dk/wp-content/uploads/2025/10/2025-10-11-02.39.23-225x300.jpg 225w, https://bredum.dk/wp-content/uploads/2025/10/2025-10-11-02.39.23-768x1024.jpg 768w, https://bredum.dk/wp-content/uploads/2025/10/2025-10-11-02.39.23-1152x1536.jpg 1152w" sizes="auto, (max-width: 1536px) 100vw, 1536px" /></figure>



<p class="has-black-color has-text-color has-link-color wp-elements-3cee71e0b9febfc19c52046412071e80" style="padding-top:0;padding-right:0;padding-bottom:0;padding-left:0">Sejerø byder på vidunderlig natur med bløde bakker, vilde blomster, små skovområder og nogle af Danmarks mest solrige dage. Du kan cykle eller vandre rundt på de rolige veje, tage en dukkert fra de børnevenlige strande, eller nyde udsigten fra Sejerøs fyr. Øen gemmer også på en spændende historie – fra oldtidsminder til charmerende gårde og et lokalsamfund, der stadig holder fast i de gamle traditioner. </p>
</div>



<div class="wp-block-group is-nowrap is-layout-flex wp-container-core-group-is-layout-ad2f72ca wp-block-group-is-layout-flex">
<p class="has-black-color has-text-color has-link-color wp-elements-939e5c5aa48b2c12cb4a30aa998b6c05" style="padding-top:0;padding-right:0;padding-bottom:0;padding-left:0">Her handler ferien ikke om at nå noget – men om at være til. Du kan nyde friskfanget fisk, lokale råvarer og hyggelige markeder, eller blot sidde med en is i hånden og se solen gå ned over havet. </p>



<figure class="wp-block-image size-full"><img loading="lazy" decoding="async" width="960" height="720" src="https://bredum.dk/wp-content/uploads/2025/10/sommerhus_udsigt-1.jpg" alt="" class="wp-image-129" srcset="https://bredum.dk/wp-content/uploads/2025/10/sommerhus_udsigt-1.jpg 960w, https://bredum.dk/wp-content/uploads/2025/10/sommerhus_udsigt-1-300x225.jpg 300w, https://bredum.dk/wp-content/uploads/2025/10/sommerhus_udsigt-1-768x576.jpg 768w" sizes="auto, (max-width: 960px) 100vw, 960px" /></figure>
</div>



<p>Sejerø er stedet, hvor du genfinder roen, naturen og fællesskabet. En ferie her er ikke bare en pause – det er en oplevelse, du tager med dig hjem.</p>



<div class="wp-block-group is-nowrap is-layout-flex wp-container-core-group-is-layout-ad2f72ca wp-block-group-is-layout-flex">
<h2 class="wp-block-heading"><strong>Oplev ø-livet</strong> </h2>
</div>



<div class="wp-block-group is-nowrap is-layout-flex wp-container-core-group-is-layout-ad2f72ca wp-block-group-is-layout-flex">
<p class="wp-container-content-9cfa9a5a"><strong>– lej et sommerhus på Sejerø</strong></p>
</div>



<div class="wp-block-group is-horizontal is-nowrap is-layout-flex wp-container-core-group-is-layout-41b81202 wp-block-group-is-layout-flex">
<figure class="wp-block-image size-full"><img loading="lazy" decoding="async" width="715" height="513" src="https://bredum.dk/wp-content/uploads/2025/10/sommerhus-1.jpg" alt="" class="wp-image-140" style="aspect-ratio:1;object-fit:cover" srcset="https://bredum.dk/wp-content/uploads/2025/10/sommerhus-1.jpg 715w, https://bredum.dk/wp-content/uploads/2025/10/sommerhus-1-300x215.jpg 300w" sizes="auto, (max-width: 715px) 100vw, 715px" /></figure>



<p>Drømmer du om ro, natur og ægte dansk ø-stemning? På Sejerø får du det hele. Her kan du leje dit eget sommerhus og nyde ferien i dit eget tempo – med havet, naturen og freden lige udenfor døren.</p>
</div>



<div class="wp-block-group"><div class="wp-block-group__inner-container is-layout-constrained wp-block-group-is-layout-constrained">
<div class="wp-block-group is-nowrap is-layout-flex wp-container-core-group-is-layout-ad2f72ca wp-block-group-is-layout-flex">
<p>Start dagen med en dukkert, nyd solnedgangen fra terrassen, og lad øens ro sænke sig. Uanset om du rejser som familie, par eller venner, finder du plads til nærvær, hygge og oplevelser.</p>



<figure class="wp-block-image size-full"><img loading="lazy" decoding="async" width="768" height="1024" src="https://bredum.dk/wp-content/uploads/2025/10/2025-09-11-11.30.07-rotated.jpg" alt="" class="wp-image-130" style="aspect-ratio:1;object-fit:cover" srcset="https://bredum.dk/wp-content/uploads/2025/10/2025-09-11-11.30.07-rotated.jpg 768w, https://bredum.dk/wp-content/uploads/2025/10/2025-09-11-11.30.07-225x300.jpg 225w" sizes="auto, (max-width: 768px) 100vw, 768px" /></figure>
</div>
</div></div>



<p class="has-text-align-left">Sejerø byder på smukke strande, cykelruter, lokale gårdbutikker og venlige øboere – alt sammen kun en kort færgetur fra Sjælland.</p>



<p class="has-black-color has-text-color has-link-color wp-elements-b89b40a437d51e5dbf39585c79bb1b5c"><strong>Sejerø – her finder du roen, naturen og tiden til at nyde den.</strong></p>


<div class="wp-block-image">
<figure class="aligncenter size-medium"><img loading="lazy" decoding="async" width="225" height="300" src="https://bredum.dk/wp-content/uploads/2025/10/2025-09-12-13.31.31-225x300.jpg" alt="" class="wp-image-177" srcset="https://bredum.dk/wp-content/uploads/2025/10/2025-09-12-13.31.31-225x300.jpg 225w, https://bredum.dk/wp-content/uploads/2025/10/2025-09-12-13.31.31-768x1024.jpg 768w, https://bredum.dk/wp-content/uploads/2025/10/2025-09-12-13.31.31-1152x1536.jpg 1152w, https://bredum.dk/wp-content/uploads/2025/10/2025-09-12-13.31.31-1536x2048.jpg 1536w, https://bredum.dk/wp-content/uploads/2025/10/2025-09-12-13.31.31-1568x2091.jpg 1568w, https://bredum.dk/wp-content/uploads/2025/10/2025-09-12-13.31.31-scaled.jpg 1920w" sizes="auto, (max-width: 225px) 100vw, 225px" /></figure>
</div>

<p>Forestil dig at stå op til lyden af bølger, fuglesang og duften af havluft – sådan starter en dag på Sejerø. Øen er en lille perle i Kattegat, kun en kort færgetur fra Sjælland, men følelsen er som at være langt væk fra hverdagens stress. Her finder du fred, nærvær og tid – både til&hellip; <a class="more-link" href="https://bredum.dk/?page_id=19">Læs mere <span class="screen-reader-text">Sommerhus</span></a></p>
